Calculate the remainder when x is divided by j.
14
Suppose -10*o = -18*o + 104. What is the remainder when 18 is divided by o?
5
Let c = 8 - 4. Let d = 11 + -9. Suppose 3*w + 0*w - 39 = -2*t, d*w = c*t - 102. What is the remainder when t is divided by 13?
11
Let o = 71 + -68. Suppose -o = -4*g - 3*f + 2, -2*g - 10 = 4*f. What is the remainder when ((-3)/3)/(2/(-58)) is divided by g?
4
Let i be (-724)/(-18) + 16/(-72). Let d = -35 + 52. What is the remainder when d is divided by -7*(i/(-28))/1?
7
Calculate the remainder when -3 - -1 - (2 + -20 + 0) is divided by 5.
1
Let s be ((-738)/15)/((-27)/90). Let a = -41 + s. What is the remainder when a is divided by 25?
23
Let u(z) = -240*z**2 - 11*z + 9. Let o(f) = 360*f**2 + 16*f - 13. Let p(s) = 5*o(s) + 7*u(s). What is the remainder when p(1) is divided by 21?
16
Suppose -5 = -k, 0 = -u - 2*k + 5*k + 89. Calculate the remainder when u is divided by 35.
34
Let s(m) = -m + 98. Let x(q) = 42*q + 860. Calculate the remainder when s(0) is divided by x(-20).
18
Let t be (-14)/63 - (-22)/18. Let l be ((-1)/t)/(3/(-21)). Let m = l - -5. What is the remainder when 35 is divided by m?
11
Let j = -33 - -5. Let b = j - -42. Calculate the remainder when 52 is divided by b.
10
Let g(a) = 3*a - 3. Let h be g(3). Let z be ((-20)/h)/((-10)/15). Suppose 0*f + z*f - 50 = 0. Calculate the remainder when 39 is divided by f.
9
Let m = -483 + 500. Calculate the remainder when 76 is divided by m.
8
Let n = 164 + -4. Calculate the remainder when n is divided by 18.
16
Suppose 2*n = -0*n + 5*k - 151, 4*n = -4*k - 288. Let y = -35 - n. What is the remainder when 73 is divided by y?
35
Let l(p) = p**3 + 27*p**2 - 125*p - 6. Calculate the remainder when 123 is divided by l(-31).
23
Suppose -5 = -2*p + 3*p. Let z(y) = -2*y**3 - 6*y**2 + 6*y - 5. What is the remainder when z(p) is divided by 17?
14
Let m(t) = 11*t + 17. Let x be m(-4). Let q = 66 + x. What is the remainder when 115 is divided by q?
37
Suppose -21*b + 20*b + 8 = 0. Suppose 13*t - 12*t - b = 0. Calculate the remainder when 29 is divided by t.
5
Let p = 78 - 35. Suppose 2*d = -i + p, -5*i + 2*d + 167 = -0*d. What is the remainder when i is divided by 18?
17
Let n(w) = -730*w - 4. Let d be n(5). Let u(v) = 2*v**2 - 5*v - 9. What is the remainder when u(-6) is divided by d/(-153) + (-4)/(-34)?
21
Let p(s) be the second derivative of -s**5/20 + 2*s**4/3 - 2*s**3/3 - s. Let z = -49 + 61. What is the remainder when p(7) is divided by z?
9
Let z(t) = 57*t**2 - 13 - 2*t + 21 - 9. What is the remainder when z(-1) is divided by 32?
26
Suppose -561*l = -554*l - 154. What is the remainder when 614 is divided by l?
20
Suppose 5*a = -2*z + 1737, -2*z + 2*a + 3414 = 2*z. Suppose -14*l + z = -6*l. What is the remainder when l is divided by 54?
53
Let j = -54 - -53. Calculate the remainder when (-1 + -2)*(j - 2 - 66) is divided by 42.
39
Suppose 51 + 335 = 2*q. What is the remainder when q is divided by 52?
37
Suppose 28 = u - 5*m, 2*u = -2*u - 3*m + 89. Calculate the remainder when 160 is divided by u.
22
Let p be 4/6*-1*51. Let x = 64 + p. Suppose -n + x = 3. What is the remainder when 80 is divided by n?
26
Let a(y) = -y**3 - 5*y**2 - 6*y - 6. Let k be a(-3). What is the remainder when (-7)/(-13 - k)*20*6 is divided by 31?
27
Let j be -1*(-3 + 38)/(-1). Let g = -25 + j. Let d = 39 - -10. Calculate the remainder when d is divided by g.
9
Let j = -1546 - -1550. What is the remainder when 169 is divided by j?
1
Let r(s) = -s**3 - s + 2. Let f be r(-3). Suppose -112 = -4*x + f. Suppose 0 = 3*v - 43 + 4. What is the remainder when x is divided by v?
10
Suppose 0 = -0*d + 5*d - 15. Calculate the remainder when d is divided by 15/20 - (-9)/36.
0
Suppose -2*n - 5 = -5*u, 4*n = 3*n - u + 8. Suppose -n*s + 6 = t - 61, -5*s + 75 = 5*t. Let g = -10 + s. Calculate the remainder when 5 is divided by g.
2
Let n be (-3 - 15)/(-2) + -3. Let i(g) = g - 2. What is the remainder when ((-63)/6)/((-9)/12) is divided by i(n)?
2
Let o(v) = v**3 - 3*v**2 - 7*v + 1. Let g(f) = -f**3 + 8*f**2 + 7*f - 41. Let n be g(6). Let m = n - 67. What is the remainder when o(5) is divided by m?
4
Let u(n) = 2*n**2 + 8*n + 2. Suppose 9*p = 6*p - 12. Suppose 8 = 5*q - 12. Calculate the remainder when q is divided by u(p).
0
Suppose -4*d + 3*z = -161, 0*d = -5*d + 3*z + 199. Let y be 2 + (-81 - (-6)/(-6)). What is the remainder when 146/5*y/(-32) is divided by d?
35
Let s(t) = 16*t**3 + 2 + 2 + 3*t**2 - 17*t**3 - t. Let h be s(3). Let o(u) = -u**2 + 2*u. What is the remainder when 3 is divided by o(h)?
0
Let u = 35 + -20. Let v(p) = -p**2 + 6*p. Let r be v(6). Let w(n) = n**2 - n + 27. What is the remainder when w(r) is divided by u?
12
Let y(f) = -f**3 + 4*f**2 + 9*f - 21. Let k be y(5). Calculate the remainder when (-270 - 0)/(-5) - k is divided by 19.
17
Let k = 171 - 113. Let d(t) = 25*t**3 + t**2 + t. Let n be d(-1). Let r = n - -45. Calculate the remainder when k is divided by r.
18
Let f = -4 - -4. Suppose 12 + f = 2*p. Let o = 27 - 18. Calculate the remainder when o is divided by p.
3
Let h be (-22)/3 - 2/(-6). Let n = 11 + h. Suppose -56 - 24 = -n*j. What is the remainder when 77 is divided by j?
17
Suppose 0 = -4*w + 2*w - 5*a + 6, 4*a + 3 = -w. Let b = 69 - 61. Let l(r) = -2*r**2 + 19*r. Calculate the remainder when l(b) is divided by w.
11
Suppose -4 = -p + 4*y - 1, -4*p - 5*y + 12 = 0. Suppose -p*q = -0*q + 6. Let o(r) = -13*r - 4. What is the remainder when 63 is divided by o(q)?
19
Let y be 18/(-4)*80/(-60). Calculate the remainder when 92 is divided by (30/(-10))/(y/(-64)).
28
Let h(r) be the second derivative of 0 + 3/4*r**4 - 4*r - 3/2*r**2 + 1/6*r**3 - 1/20*r**5. Calculate the remainder when h(9) is divided by 2.
0
Suppose 3*z + z + 28 = 0. Let n = 22 + z. Calculate the remainder when -115*(-12)/33 + 4/22 is divided by n.
12
Suppose 4 = 4*z + n - 2, -z - 5 = -3*n. Suppose -3*u + 9 = -4*g + 20, 3*u - 14 = -g. Suppose g*m + z = 36. What is the remainder when 20 is divided by m?
6
Suppose 5*u - 2*j = 2*j + 65, 65 = 5*u - 3*j. Let t = -72 - -81. What is the remainder when u is divided by t?
4
Suppose 3*i - w = 50, -2*i + 3*w + 30 = -15. Let k(d) = -d + 43. Suppose 5*t - 5*b - 25 = t, b = 2*t - 5. Calculate the remainder when k(t) is divided by i.
13
Let i = 11 + -11. Suppose i*p + 24 = -2*p. Let y(k) = -2*k - 10. What is the remainder when 53 is divided by y(p)?
11
Suppose -3*t - 34*i = -32*i - 70, 0 = 2*t - 3*i - 51. Calculate the remainder when 215 is divided by t.
23
Suppose -3*z - z = 0, 2*z = 4*q - 68. Let a = 107 + -211. Let y = 153 + a. Calculate the remainder when y is divided by q.
15
Suppose 3*u + 2 = -7, -w = 2*u - 13. Calculate the remainder when 46 is divided by w.
8
Let f be (-2 - 2/3)*(-6)/4. What is the remainder when (-7)/f - -2 - 59/(-4) is divided by 5?
0
Let z = 570 + -390. What is the remainder when z is divided by 28?
12
Suppose v - 3*z + 174 = -3*v, 2*z = -4. Let u = v - -103. What is the remainder when u is divided by 20?
18
Let k(b) = -4*b**3 + b**2 + 3*b + 26. What is the remainder when 169 is divided by k(0)?
13
Let v(a) = a**2 - 25*a + 7. What is the remainder when v(-5) is divided by 55?
47
Let j be -1 - 1 - (1 - 22). Let y = j + -11. Suppose 7*x = y*x - 17. What is the remainder when x is divided by 6?
5
Suppose 0 = 30*v - 2234 - 1306. What is the remainder when v is divided by 41?
36
Let w(o) = -o**2 + 19*o - 42. Let m be w(17). What is the remainder when 12 is divided by ((-2)/m)/(10/200)?
2
Let s = 5 - 15. What is the remainder when (s + 2)/(10/(-30)) is divided by 9?
6
Let p(z) = z**2 - 11*z + 67. What is the remainder when p(5) is divided by 32?
5
Let h(c) = 2*c**2 + 3*c + 2. What is the remainder when h(-3) is divided by 10?
1
Suppose -4*o = 5*y - 69, o - 2*y = 20 + 7. Suppose -2*l + 200 - 124 = 0. What is the remainder when l is divided by o?
17
Let i = 0 - -3. Suppose 18 = i*r - r + 2*x, 0 = -3*r - x + 31. Let d(w) = 6*w**2 + w + 2. Calculate the remainder when r is divided by d(-1).
4
Suppose -24*f = -32*f + 1480. What is the remainder when f is divided by 47?
44
Suppose -b + 1077 = 4*b - 2*g, -218 = -b + 3*g. Suppose -21*r + 155 = -16*r. Calculate the remainder when b is divided by r.
29
Calculate the remainder when 1377 is divided by (276/(-14))/(-7 + (-475)/